 17
List the prime factors of (264/28 + -9)/(1/3787).
3, 541
Let d be (-4802 - 4)*((-4)/(-8))/(-1). Let g = d - 1669. List the prime factors of g.
2, 367
Let a(h) = 5*h**2 + 310*h + 141. What are the prime factors of a(-102)?
3, 41, 167
Suppose 0 = 15*k - 169932 - 43218. List the prime factors of k.
2, 5, 7, 29
Suppose -3*n + 5*n - 15344 = -w, -w - 38367 = -5*n. What are the prime factors of n?
7673
Let t = -26 - -31. Suppose 2*a - 2*n = -2, -3*n = -4*a - t*n + 26. Suppose -3*k = 0, -p - 159 = -a*p + 3*k. List the prime factors of p.
53
Let r(c) = 4*c**3 - 6*c**2 - 6*c + 15. Let n = -533 + 538. List the prime factors of r(n).
5, 67
Let h = 66517 + -23227. List the prime factors of h.
2, 3, 5, 13, 37
Let o = -345 - -1044. Suppose -2*w + o = w. Suppose 4*r - 403 = -5*p, 2*p + w = 5*p - 2*r. What are the prime factors of p?
79
What are the prime factors of (7994/(-8)*952/(-196))/((-2)/(-4))?
17, 571
Let o = 56 + -44. Suppose -5*q + o*q - 1939 = 0. Suppose 0 = 6*k - q - 437. What are the prime factors of k?
7, 17
Suppose -2*p = -4*w - 1886, -p - 3*w = -1014 + 51. Let j = -634 + p. List the prime factors of j.
317
Let j(w) be the second derivative of w**5/10 - w**4/3 - w**3/3 - 4*w**2 - 3*w + 6. What are the prime factors of j(8)?
2, 3, 31
Suppose 3*u + 230 = -t + 6*t, 5*u - t = -354. Let l be (-2916)/(-14) + 20/u. Suppose 2*f = -2*f + l. What are the prime factors of f?
2, 13
Let h be (396/(-8))/11*16/(-6). Suppose n = -2*n + h. Suppose -w + 205 = n*w. List the prime factors of w.
41
Let m = -17137 + 44609. What are the prime factors of m?
2, 17, 101
Let v = -218 + 248. Let k(x) = x**2 - 21*x - 30. List the prime factors of k(v).
2, 3, 5
Suppose -s - 5*k - 59 = 0, -4*s + 66 = -6*s + 3*k. Let z = -15 - s. What are the prime factors of z?
2, 3
Suppose -2*k + 12 = 4*k. Suppose 0 = k*t + 2*d - 668, 3*t + 1014 = 6*t - d. Suppose -10*h + 393 = -t. What are the prime factors of h?
73
Suppose 2 = f - 2*f, f = x - 12. Suppose 6*z + u = x*z - 1013, 2*z - 4*u = 510. What are the prime factors of z?
11, 23
Suppose -4*o - 2*c + 8 = 0, -3*c - 2 = 2*o + c. Let b be (o/(-2) - -2)*8 + -8. What are the prime factors of 2 + (-153)/b*32/6?
2, 103
Let i = -332 - -2980. Suppose -36*y = -34*y - i. What are the prime factors of y?
2, 331
Let m = -34 - -37. Let q be 392 - 3*(-30)/(-18). Suppose 174 + q = m*y. What are the prime factors of y?
11, 17
Let l(g) = -4*g**2 + 29*g - 5. Let h be (-20)/40 - 15/(-2). Let c be l(h). Suppose 4*i - b = c*b + 250, 2*i = 3*b + 122. What are the prime factors of i?
2
Suppose 7*s + 121 + 19 = 0. List the prime factors of (s/(-16))/(4476/(-4480) + 1).
2, 5, 7
Let b = 40366 + -14907. What are the prime factors of b?
7, 3637
Let k(b) = 9*b + 94. Let z be k(-10). Suppose 298 = 3*p + z*m, -2*m - 96 = -p - 0*m. What are the prime factors of p?
2, 7
List the prime factors of 66316/(-12)*(-15)/2 + (-1)/2.
7, 31, 191
Let q(f) = f**3 + 30*f**2 + 61*f + 132. What are the prime factors of q(-14)?
2, 17, 71
Suppose -154 = -19*o + 416. List the prime factors of 6/(-4)*(-4540)/o.
227
Let z(u) = 721*u - 70. Let r be z(10). Suppose 0 = -11*v - 19*v + r. List the prime factors of v.
2, 7, 17
Suppose -14161 = -19*t + 18329. List the prime factors of t.
2, 3, 5, 19
Let v be -1*14/238 + 175/85. Let q = 92 - 50. Suppose 2*x + 0*x = -3*a + 38, 2*a = v*x + q. What are the prime factors of a?
2
Suppose -5*d + 3*a = 6*a - 62134, -d = 9*a - 12410. List the prime factors of d.
2, 13, 239
Suppose -4*d - 6*i + 3*i + 1361 = 0, -2*i = -4*d + 1386. Suppose -188 = 4*o + d. Let j = -69 - o. List the prime factors of j.
2
Let c(k) = -1487*k + 171. List the prime factors of c(-4).
29, 211
Suppose -121800 = 49*j - 63*j. Suppose -21*r + 7302 + j = 0. List the prime factors of r.
2, 3, 127
Suppose 2*d = -2*c - 2, -d - 4*d - 4*c - 4 = 0. Suppose -9*g + 13*g - 128 = d. Suppose -7 = -b + g. List the prime factors of b.
3, 13
Suppose -5*k = -v + 5314, 41*v - 26624 = 36*v - 2*k. What are the prime factors of v?
2, 11
Let h(s) = -12467*s + 435. What are the prime factors of h(-2)?
23, 1103
Let h = 27696 - 3067. List the prime factors of h.
11, 2239
Suppose 0 = -78*l + 72*l - 90. Let z = 270 + l. List the prime factors of z.
3, 5, 17
Let m = 534 - 1106. Let j = m - -720. What are the prime factors of j?
2, 37
Let r = 7217 + -4406. List the prime factors of r.
3, 937
Suppose i - 2*f - 5349 = 1080, 0 = 2*i - 2*f - 12848. List the prime factors of i.
7, 131
Suppose 5*v - 127 = 3*c, 0*c - c + 111 = 5*v. Let a(m) = m**2 - 23*m + 29. Let q be a(v). Let o = 64 - q. List the prime factors of o.
5, 7
List the prime factors of (-24)/60 + (-3660)/(-25).
2, 73
Let j = -7123 + 13246. What are the prime factors of j?
3, 13, 157
Suppose -4*t - 55820 = -5*y, 4*y + 3*t - 70467 = -25780. What are the prime factors of y?
2, 349
Let z = 11 + -4. Suppose -4*b = -z*b. Suppose b = 10*o - 12*o + 194. List the prime factors of o.
97
Let q(s) = -s**2 - 3*s + 24. Let w be q(8). Let x = -68 - w. What are the prime factors of (-4 + 6)/((x/(-134))/1)?
67
Let h be -2 - 1/(1/(-4)). Let o(a) = 29*a**2 + 3*a - 3. Let q be o(h). Let w = q - -20. What are the prime factors of w?
139
Let m = 1179 + 12116. What are the prime factors of m?
5, 2659
Suppose 4*r - 65680 = -4*l, -16419 = -26*l + 25*l - 2*r. What are the prime factors of l?
16421
Suppose -5*p - 42935 = -3*k, 0 = k - 15*p + 12*p - 14321. What are the prime factors of k?
2, 5, 11, 13
Let s(d) = 8*d**2 + 17*d + 24. Let o(l) = -6*l**2 - 1. Let q be o(1). Let j be s(q). Let h = 458 - j. List the prime factors of h.
7, 23
Suppose d = 6*d - 4*t - 41, 5*d - 29 = t. List the prime factors of (936/(-10))/(d/(-25)).
2, 3, 13
Suppose 159*h - 4 = 160*h. Let z(w) = -8*w**3 + 8*w + 10. List the prime factors of z(h).
2, 5, 7
Let t be -2*(-20)/30*3. Suppose t*v + 913 - 4941 = 0. What are the prime factors of v?
19, 53
Let c(s) = 2263*s**2 - 181*s - 980. What are the prime factors of c(-5)?
2, 5, 113
Suppose 5*x = -0*o - 3*o + 49, -2*x = -3*o + 14. Let y(d) = 9*d**2 - 2*d**3 - 21 - 5*d - 3*d**3 + 4*d**3. What are the prime factors of y(o)?
3
Suppose 0 = -6*r - 52 + 58. List the prime factors of 434/(-21)*r*(-26 - 1).
2, 3, 31
Let n(y) = 31*y**2 - 53*y + 325. List the prime factors of n(5).
5, 167
Let f = 128 + -125. Suppose -3*g + 111 = 2*k - 164, f*k - 438 = 4*g. What are the prime factors of k?
2, 71
Suppose -3*t = -477 - 114. Let r = t + 120. What are the prime factors of r?
317
Let q(f) be the first derivative of f**4/4 + 6*f**3 + 7*f**2 - 76*f + 42. What are the prime factors of q(-14)?
2
Let g be (-6)/(-11) + (909/(-33) - -22). Let x(f) = -3*f - 4 + 2*f + f**2 + 0. List the prime factors of x(g).
2, 13
Suppose -55*t = -58*t + 12. Suppose 0 = -t*c - 40 + 56. Suppose -c*f + 150 + 150 = 0. What are the prime factors of f?
3, 5
Let g = 76 - 67. Suppose 5*c - 4*t - 1380 = -g*t, 4*t = -16. Suppose -7*d + c = -511. What are the prime factors of d?
113
Let c = 3 + 1. Let q be 70/(-10) - c*1. Let z = 26 - q. What are the prime factors of z?
37
Suppose 0 = 4*o - 2*o - 10. Let p(l) = 12*l - 3*l**2 - 55*l**3 - 50*l**3 + 168*l**3 - 62*l**3 + 1 - 2*l**2. List the prime factors of p(o).
61
Let z(c) = 1756*c**2 + 9*c - 18. List the prime factors of z(2).
2, 439
Suppose -28702 = -7*r + 40409. What are the prime factors of r?
3, 1097
What are the prime factors of (14 + -4)/((-19)/(-14269))?
2, 5, 751
Suppose 60*g - 16*g = 847132. List the prime factors of g.
13, 1481
Let w(o) = -o**2 + 4. Suppose -22 = -0*k + 11*k. Let b be w(k). Suppose b = -4*l - 2*p + 374, 0 = -3*l - 0*l - 4*p + 288. What are the prime factors of l?
2, 23
Suppose -5*w - 5*s + 16170 = 0, 0 = -w - w - 4*s + 6462. Suppose -14*m + m = -w. List the prime factors of m.
3, 83
Let o(b) = -b**2 - 42*b - 55. Let j = 18 + -43. What are the prime factors of o(j)?
2, 5, 37
Let k = -261 - 256. Let d = k + 640. List the prime factors of d.
3, 41
Let f = 6227 - 2142. List the prime factors of f.
5, 19, 43
Suppose 2*a + 12*m - 3080 = 390, 4*a - 7080 = 4*m. What are the prime factors of a?
5, 353
Suppose 3*p - 38 = 2*b, -2*p - 24 = -4*p + 2*b. Let v = 47 + -68. List the prime factors of (-1704)/v + (-2)/p.
3
Let b(o) = o**2 + 12*o + 14. Let g be b(-10). Let z be (14*6/18)/(1/g). Let k = 119 + z. List the prime factors of k.
7, 13
Le